{"id":538,"date":"2019-07-19T17:06:29","date_gmt":"2019-07-19T15:06:29","guid":{"rendered":"http:\/\/www.ests.uca.ma\/?page_id=538"},"modified":"2024-04-05T12:20:33","modified_gmt":"2024-04-05T10:20:33","slug":"master-duniversite-en-administration-des-entreprises","status":"publish","type":"page","link":"https:\/\/www.ests.uca.ma\/?page_id=538","title":{"rendered":"MASTER D&rsquo;UNIVERSIT\u00c9 EN ADMINISTRATION DES ENTREPRISES"},"content":{"rendered":"<p style=\"text-align: center;\"><strong><span style=\"font-size: 24pt; color: #003366;\">MASTER D&rsquo;UNIVERSIT\u00c9 EN ADMINISTRATION DES ENTREPRISES<\/span><\/strong><\/p>\n<p style=\"text-align: center;\"><span style=\"font-size: 24pt; color: #666699; font-family: impact, sans-serif;\">Les inscriptions pour l\u2019ann\u00e9e universitaire\u00a0 2024-2025 sont ouvertes<\/span><\/p>\n<p style=\"text-align: justify;\"><em><span style=\"color: #3366ff; font-size: 18pt;\"><strong>Comp\u00e9tences vis\u00e9es<\/strong><\/span><\/em><\/p>\n<p style=\"text-align: justify;\">Le Master en administration des entreprises pr\u00e9pare \u00e0 des fonctions d\u2019encadrement sup\u00e9rieures telles que\u00a0:<\/p>\n<ul style=\"list-style-type: circle; text-align: justify;\">\n<li>Directeurs d\u2019entreprises<\/li>\n<li>Directeurs d\u2019\u00e9tablissements publics<\/li>\n<li>Cadres et responsables des fonctions de l\u2019entreprise : Gestion des ressources humaines, Production, Marketing, Approvisionnements, Finance, \u2026 .<\/li>\n<li>Chefs de projets<\/li>\n<li>Cadres et responsables de l\u2019administration publique<\/li>\n<\/ul>\n<p style=\"text-align: justify;\"><em><span style=\"color: #3366ff;\"><strong><span style=\"font-size: 18pt;\">Objectifs de la formation<\/span><\/strong><\/span><\/em><\/p>\n<p style=\"text-align: justify;\">Le MAE est con\u00e7u de mani\u00e8re \u00e0 r\u00e9aliser un \u00e9quilibre entre les techniques de base de la gestion et la ma\u00eetrise des fonctions transversales du management des organisations.<\/p>\n<p style=\"text-align: justify;\">La formation doit permettre aux participants de ma\u00eetriser les principaux concepts, techniques et outils de gestion d\u2019une entreprise ou d\u2019un projet.<\/p>\n<p style=\"text-align: justify;\">Il s\u2019agit de former des managers de haut niveau\u00a0 \u00e0 double comp\u00e9tence et ce, par l\u2019association du savoir-faire de leur formation\u00a0 initiale et leur exp\u00e9rience professionnelle, \u00e0 une comp\u00e9tence g\u00e9n\u00e9rale en administration des entreprises.<\/p>\n<p style=\"text-align: justify;\"><span style=\"color: #3366ff;\"><em><span style=\"font-size: 18pt;\"><strong>Public cible<\/strong><\/span><\/em><\/span><\/p>\n<p style=\"text-align: justify;\">Le MAE est ouvert \u00e0 des publics vari\u00e9s (ing\u00e9nieurs, sciences et techniques, praticiens hospitaliers, sciences sociales, sciences humaines\u00a0\u2026) Professionnels (secteur public\u00a0 priv\u00e9 et professions lib\u00e9rales) ou \u00e9tudiants (demandeurs d\u2019emploi ou porteurs de projets) \u2026 qui sont titulaires d\u2019un dipl\u00f4me Bac +3 et plus.<\/p>\n<p style=\"text-align: justify;\"><strong><span style=\"color: #3366ff;\"><em><span style=\"font-size: 18pt;\">Modalit\u00e9s<\/span><\/em><\/span><\/strong><\/p>\n<ul style=\"list-style-type: circle; text-align: justify;\">\n<li>Frais de dossier : <span style=\"color: #3366ff;\"><strong>500 DH<\/strong><\/span><\/li>\n<li>Co\u00fbt de formation : <span style=\"color: #3366ff; font-size: 12pt;\"><strong>40 000 DH<\/strong><\/span><\/li>\n<li>Lieu de formation : <span style=\"color: #3366ff;\"><strong>\u00c9cole Sup\u00e9rieure de Technologie &#8211; SAFI<\/strong><\/span><\/li>\n<li>D\u00e9but de la formation : <span style=\"color: #3366ff;\"><strong>Janvier 2024<br \/>\n<\/strong><\/span><\/li>\n<li>S\u00e9lection : La s\u00e9lection est r\u00e9alis\u00e9e sur la base d\u2019une \u00e9tude du dossier de candidature, suivie d\u2019un entretien de s\u00e9lection.<\/li>\n<li>\u00c9valuation : Travaux individuels et\/ou collectifs, examens, soutenance orale d\u2019un m\u00e9moire professionnel<\/li>\n<li>Dipl\u00f4me d\u00e9livr\u00e9 : Master d\u2019Universit\u00e9.<\/li>\n<\/ul>\n<p style=\"text-align: justify;\"><span style=\"color: #3366ff;\"><em><strong><span style=\"font-size: 18pt;\">Programme<\/span><\/strong><\/em><\/span><\/p>\n<p style=\"text-align: justify;\">Le programme de la formation comprend des enseignements th\u00e9oriques et pratiques, des S\u00e9minaires de sp\u00e9cialistes universitaires et professionnels et un stage professionnel<em>.<\/em><\/p>\n<p style=\"text-align: justify;\"><span style=\"color: #00ccff; font-size: 14pt;\"><strong><em>Contenu p\u00e9dagogique<\/em><\/strong><em>\u00a0<\/em><\/span><\/p>\n<p style=\"text-align: justify;\"><strong><em><u>Semestre <\/u><\/em><\/strong><strong><em>I<\/em><\/strong><\/p>\n<table style=\"width: 100%; border-collapse: collapse; border-style: solid;\">\n<tbody>\n<tr>\n<td style=\"width: 16.6667%; background-color: #55efc4; border-style: solid;\"><em><strong>Module<\/strong><strong> 1\u00a0<\/strong><\/em><\/td>\n<td style=\"width: 16.6667%; background-color: #55efc4; border-style: solid;\"><em><strong>Module 2<\/strong><\/em><\/td>\n<td style=\"width: 16.6667%; background-color: #55efc4; border-style: solid;\"><em><strong>Module 3<\/strong><\/em><\/td>\n<td style=\"width: 16.6667%; background-color: #55efc4; border-style: solid;\"><em><strong>Module 4<\/strong><\/em><\/td>\n<td style=\"width: 16.6667%; background-color: #55efc4; border-style: solid;\"><em><strong>Module 5<\/strong><\/em><\/td>\n<td style=\"width: 16.6667%; background-color: #55efc4; border-style: solid;\"><em><strong>Module 6<\/strong><\/em><\/td>\n<\/tr>\n<tr>\n<td style=\"width: 16.6667%; background-color: #81ecec; border-style: solid;\">Management\u00a0 g\u00e9n\u00e9ral<\/td>\n<td style=\"width: 16.6667%; background-color: #81ecec; border-style: solid;\">Comptabilit\u00e9 g\u00e9n\u00e9rale<\/td>\n<td style=\"width: 16.6667%; background-color: #81ecec; border-style: solid;\">Management Juridique I<\/td>\n<td style=\"width: 16.6667%; background-color: #81ecec; border-style: solid;\">Management des ressources humaines I<\/td>\n<td style=\"width: 16.6667%; background-color: #81ecec; border-style: solid;\">Langues et TEC<\/td>\n<td style=\"width: 16.6667%; background-color: #81ecec; border-style: solid;\">Outils de Gestion<\/td>\n<\/tr>\n<\/tbody>\n<\/table>\n<p style=\"text-align: justify;\"><strong><em>Semestre II<\/em><\/strong><\/p>\n<table style=\"width: 100%; border-collapse: collapse; border-style: solid;\">\n<tbody>\n<tr>\n<td style=\"width: 16.6667%; background-color: #55efc4; border-style: solid;\"><em><strong>Module 7<\/strong><\/em><\/td>\n<td style=\"width: 16.6667%; background-color: #55efc4; border-style: solid;\"><em><strong>Module 8<\/strong><\/em><\/td>\n<td style=\"width: 16.6667%; background-color: #55efc4; border-style: solid;\"><em><strong>Module 9<\/strong><\/em><\/td>\n<td style=\"width: 16.6667%; background-color: #55efc4; border-style: solid;\"><em><strong>Module 10<\/strong><\/em><\/td>\n<td style=\"width: 16.6667%; background-color: #55efc4; border-style: solid;\"><em><strong>Module 11<\/strong><\/em><\/td>\n<td style=\"width: 16.6667%; background-color: #55efc4; border-style: solid;\"><em><strong>Module 12<\/strong><\/em><\/td>\n<\/tr>\n<tr>\n<td style=\"width: 16.6667%; background-color: #81ecec; border-style: solid;\">Comptabilit\u00e9 analytique et analyse de l\u2019exploitation<\/td>\n<td style=\"width: 16.6667%; background-color: #81ecec; border-style: solid;\">Management juridique II<\/td>\n<td style=\"width: 16.6667%; background-color: #81ecec; border-style: solid;\">Management commercial<\/td>\n<td style=\"width: 16.6667%; background-color: #81ecec; border-style: solid;\">Management des ressources Humaines II<\/td>\n<td style=\"width: 16.6667%; background-color: #81ecec; border-style: solid;\">Management financier I<\/td>\n<td style=\"width: 16.6667%; background-color: #81ecec; border-style: solid;\">Management industriel<\/td>\n<\/tr>\n<\/tbody>\n<\/table>\n<p style=\"text-align: justify;\"><strong><em>Semestre III<\/em><\/strong><\/p>\n<table style=\"width: 100%; border-collapse: collapse; border-style: solid;\">\n<tbody>\n<tr>\n<td style=\"width: 16.6667%; background-color: #55efc4; border-style: solid;\"><em><strong>Module 13\u00a0<\/strong><\/em><\/td>\n<td style=\"width: 16.6667%; background-color: #55efc4; border-style: solid;\"><em><strong>Module 14<\/strong><\/em><\/td>\n<td style=\"width: 16.6667%; background-color: #55efc4; border-style: solid;\"><em><strong>Module 15<\/strong><\/em><\/td>\n<td style=\"width: 16.6667%; background-color: #55efc4; border-style: solid;\"><em><strong>Module 16<\/strong><\/em><\/td>\n<td style=\"width: 16.6667%; background-color: #55efc4; border-style: solid;\"><em><strong>Module 17<\/strong><\/em><\/td>\n<td style=\"width: 16.6667%; background-color: #55efc4; border-style: solid;\"><em><strong>Module 18<\/strong><\/em><\/td>\n<\/tr>\n<tr>\n<td style=\"width: 16.6667%; background-color: #81ecec; border-style: solid;\">Management financier II<\/td>\n<td style=\"width: 16.6667%; background-color: #81ecec; border-style: solid;\">Management des projets et initiation \u00e0 la cr\u00e9ation des entreprises<\/td>\n<td style=\"width: 16.6667%; background-color: #81ecec; border-style: solid;\">Contr\u00f4le de gestion<\/td>\n<td style=\"width: 16.6667%; background-color: #81ecec; border-style: solid;\">Audit et contr\u00f4le interne<\/td>\n<td style=\"width: 16.6667%; background-color: #81ecec; border-style: solid;\">Management strat\u00e9gique<\/td>\n<td style=\"width: 16.6667%; background-color: #81ecec; border-style: solid;\">M\u00e9thodologie de recherche en management et insertion professionnelle<\/td>\n<\/tr>\n<\/tbody>\n<\/table>\n<p style=\"text-align: justify;\"><strong><em>Semestre IV<\/em><\/strong><\/p>\n<p style=\"text-align: justify;\"><strong>Stage de fin d\u2019\u00e9tudes<\/strong><\/p>\n<p style=\"text-align: justify;\"><em><strong><span style=\"color: #3366ff; font-size: 18pt;\">Contact<\/span><\/strong><\/em><\/p>\n<table class=\" alignleft\" style=\"width: 100%; border-collapse: collapse; border-color: #ffffff;\">\n<tbody>\n<tr>\n<td style=\"width: 9.47711%;\"><img loading=\"lazy\" decoding=\"async\" src=\"http:\/\/www.ests.uca.ma\/wp-content\/uploads\/2019\/07\/img_311846.png\" alt=\"\" width=\"50\" height=\"50\" \/><\/td>\n<td style=\"width: 90.5229%; text-align: left;\"><strong>Responsable de la formation\u00a0:<\/strong> <span style=\"color: #003366;\">P<strong>r Khalil MOKHLIS<\/strong><\/span><\/td>\n<\/tr>\n<tr>\n<td style=\"width: 9.47711%;\" rowspan=\"2\"><img loading=\"lazy\" decoding=\"async\" src=\"http:\/\/www.ests.uca.ma\/wp-content\/uploads\/2019\/07\/img_346970.png\" alt=\"\" width=\"50\" height=\"50\" \/><\/td>\n<td style=\"width: 90.5229%; text-align: left;\"><strong><span style=\"color: #003366;\">06 70 09 97 01\u00a0 <span style=\"color: #333333;\">(Melle Naima\u00a0 DOUMALI) Secr\u00e9tariat de la formation<\/span><\/span><\/strong><\/td>\n<\/tr>\n<tr>\n<td style=\"width: 90.5229%; text-align: left;\"><strong><span style=\"color: #003366;\">06 61 72 49 61\u00a0 <span style=\"color: #333333;\">(Pr Khalil MOKHLIS) Responsable de la formation<\/span><br \/>\n<\/span><\/strong><\/td>\n<\/tr>\n<tr>\n<td style=\"width: 9.47711%;\"><img loading=\"lazy\" decoding=\"async\" src=\"http:\/\/www.ests.uca.ma\/wp-content\/uploads\/2019\/07\/home-house-main-page-building-address-location-2-2684.png\" alt=\"\" width=\"50\" height=\"50\" \/><\/td>\n<td style=\"width: 90.5229%; text-align: left;\"><strong>ECOLE SUP\u00c9RIEURE DE TECHNOLOGIE, Route Dar Si A\u00efssa, BP 89, SAFI<\/strong><\/td>\n<\/tr>\n<tr>\n<td style=\"width: 9.47711%;\"><img loading=\"lazy\" decoding=\"async\" src=\"http:\/\/www.ests.uca.ma\/wp-content\/uploads\/2019\/07\/58485698e0bb315b0f7675a8.png\" alt=\"\" width=\"50\" height=\"50\" \/><\/td>\n<td style=\"width: 90.5229%; text-align: left;\"><strong><span style=\"color: #003366;\"><a style=\"color: #003366;\" href=\"mailto:nai_doum@yahoo.fr\">nai_doum@yahoo.fr<\/a><\/span><\/strong> \/ <span style=\"color: #003366;\"><strong>Kh_mokhlis@yahoo.<\/strong><\/span><\/td>\n<\/tr>\n<\/tbody>\n<\/table>\n<p>&nbsp;<\/p>\n","protected":false},"excerpt":{"rendered":"<p>MASTER D&rsquo;UNIVERSIT\u00c9 EN ADMINISTRATION DES ENTREPRISES Les inscriptions pour l\u2019ann\u00e9e universitaire\u00a0 2024-2025 sont ouvertes Comp\u00e9tences vis\u00e9es Le Master en administration des entreprises pr\u00e9pare \u00e0 des fonctions d\u2019encadrement sup\u00e9rieures telles que\u00a0: Directeurs d\u2019entreprises Directeurs d\u2019\u00e9tablissements publics Cadres et responsables des fonctions de l\u2019entreprise : Gestion des ressources humaines, Production, Marketing, Approvisionnements, Finance, \u2026 . Chefs de<\/p>\n","protected":false},"author":1,"featured_media":165,"parent":0,"menu_order":0,"comment_status":"closed","ping_status":"closed","template":"","meta":{"footnotes":""},"class_list":["post-538","page","type-page","status-publish","has-post-thumbnail","hentry"],"_links":{"self":[{"href":"https:\/\/www.ests.uca.ma\/index.php?rest_route=\/wp\/v2\/pages\/538","targetHints":{"allow":["GET"]}}],"collection":[{"href":"https:\/\/www.ests.uca.ma\/index.php?rest_route=\/wp\/v2\/pages"}],"about":[{"href":"https:\/\/www.ests.uca.ma\/index.php?rest_route=\/wp\/v2\/types\/page"}],"author":[{"embeddable":true,"href":"https:\/\/www.ests.uca.ma\/index.php?rest_route=\/wp\/v2\/users\/1"}],"replies":[{"embeddable":true,"href":"https:\/\/www.ests.uca.ma\/index.php?rest_route=%2Fwp%2Fv2%2Fcomments&post=538"}],"version-history":[{"count":33,"href":"https:\/\/www.ests.uca.ma\/index.php?rest_route=\/wp\/v2\/pages\/538\/revisions"}],"predecessor-version":[{"id":4513,"href":"https:\/\/www.ests.uca.ma\/index.php?rest_route=\/wp\/v2\/pages\/538\/revisions\/4513"}],"wp:featuredmedia":[{"embeddable":true,"href":"https:\/\/www.ests.uca.ma\/index.php?rest_route=\/wp\/v2\/media\/165"}],"wp:attachment":[{"href":"https:\/\/www.ests.uca.ma\/index.php?rest_route=%2Fwp%2Fv2%2Fmedia&parent=538"}],"curies":[{"name":"wp","href":"https:\/\/api.w.org\/{rel}","templated":true}]}}

MASTER D&rsquo;UNIVERSITÉ EN ADMINISTRATION DES ENTREPRISES

<p style="text-align: center;"><strong><span style="font-size: 24pt; color: #003366;">MASTER D&rsquo;UNIVERSITÉ EN ADMINISTRATION DES ENTREPRISES</span></strong></p>
<p style="text-align: center;"><span style="font-size: 24pt; color: #666699; font-family: impact, sans-serif;">Les inscriptions pour l’année universitaire  2024-2025 sont ouvertes</span></p>
<p style="text-align: justify;"><em><span style="color: #3366ff; font-size: 18pt;"><strong>Compétences visées</strong></span></em></p>
<p style="text-align: justify;">Le Master en administration des entreprises prépare à des fonctions d’encadrement supérieures telles que :</p>
<ul style="list-style-type: circle; text-align: justify;">
<li>Directeurs d’entreprises</li>
<li>Directeurs d’établissements publics</li>
<li>Cadres et responsables des fonctions de l’entreprise : Gestion des ressources humaines, Production, Marketing, Approvisionnements, Finance, … .</li>
<li>Chefs de projets</li>
<li>Cadres et responsables de l’administration publique</li>
</ul>
<p style="text-align: justify;"><em><span style="color: #3366ff;"><strong><span style="font-size: 18pt;">Objectifs de la formation</span></strong></span></em></p>
<p style="text-align: justify;">Le MAE est conçu de manière à réaliser un équilibre entre les techniques de base de la gestion et la maîtrise des fonctions transversales du management des organisations.</p>
<p style="text-align: justify;">La formation doit permettre aux participants de maîtriser les principaux concepts, techniques et outils de gestion d’une entreprise ou d’un projet.</p>
<p style="text-align: justify;">Il s’agit de former des managers de haut niveau  à double compétence et ce, par l’association du savoir-faire de leur formation  initiale et leur expérience professionnelle, à une compétence générale en administration des entreprises.</p>
<p style="text-align: justify;"><span style="color: #3366ff;"><em><span style="font-size: 18pt;"><strong>Public cible</strong></span></em></span></p>
<p style="text-align: justify;">Le MAE est ouvert à des publics variés (ingénieurs, sciences et techniques, praticiens hospitaliers, sciences sociales, sciences humaines …) Professionnels (secteur public  privé et professions libérales) ou étudiants (demandeurs d’emploi ou porteurs de projets) … qui sont titulaires d’un diplôme Bac +3 et plus.</p>
<p style="text-align: justify;"><strong><span style="color: #3366ff;"><em><span style="font-size: 18pt;">Modalités</span></em></span></strong></p>
<ul style="list-style-type: circle; text-align: justify;">
<li>Frais de dossier : <span style="color: #3366ff;"><strong>500 DH</strong></span></li>
<li>Coût de formation : <span style="color: #3366ff; font-size: 12pt;"><strong>40 000 DH</strong></span></li>
<li>Lieu de formation : <span style="color: #3366ff;"><strong>École Supérieure de Technologie &#8211; SAFI</strong></span></li>
<li>Début de la formation : <span style="color: #3366ff;"><strong>Janvier 2024<br />
</strong></span></li>
<li>Sélection : La sélection est réalisée sur la base d’une étude du dossier de candidature, suivie d’un entretien de sélection.</li>
<li>Évaluation : Travaux individuels et/ou collectifs, examens, soutenance orale d’un mémoire professionnel</li>
<li>Diplôme délivré : Master d’Université.</li>
</ul>
<p style="text-align: justify;"><span style="color: #3366ff;"><em><strong><span style="font-size: 18pt;">Programme</span></strong></em></span></p>
<p style="text-align: justify;">Le programme de la formation comprend des enseignements théoriques et pratiques, des Séminaires de spécialistes universitaires et professionnels et un stage professionnel<em>.</em></p>
<p style="text-align: justify;"><span style="color: #00ccff; font-size: 14pt;"><strong><em>Contenu pédagogique</em></strong><em> </em></span></p>
<p style="text-align: justify;"><strong><em><u>Semestre </u></em></strong><strong><em>I</em></strong></p>
<table style="width: 100%; border-collapse: collapse; border-style: solid;">
<tbody>
<tr>
<td style="width: 16.6667%; background-color: #55efc4; border-style: solid;"><em><strong>Module</strong><strong> 1 </strong></em></td>
<td style="width: 16.6667%; background-color: #55efc4; border-style: solid;"><em><strong>Module 2</strong></em></td>
<td style="width: 16.6667%; background-color: #55efc4; border-style: solid;"><em><strong>Module 3</strong></em></td>
<td style="width: 16.6667%; background-color: #55efc4; border-style: solid;"><em><strong>Module 4</strong></em></td>
<td style="width: 16.6667%; background-color: #55efc4; border-style: solid;"><em><strong>Module 5</strong></em></td>
<td style="width: 16.6667%; background-color: #55efc4; border-style: solid;"><em><strong>Module 6</strong></em></td>
</tr>
<tr>
<td style="width: 16.6667%; background-color: #81ecec; border-style: solid;">Management  général</td>
<td style="width: 16.6667%; background-color: #81ecec; border-style: solid;">Comptabilité générale</td>
<td style="width: 16.6667%; background-color: #81ecec; border-style: solid;">Management Juridique I</td>
<td style="width: 16.6667%; background-color: #81ecec; border-style: solid;">Management des ressources humaines I</td>
<td style="width: 16.6667%; background-color: #81ecec; border-style: solid;">Langues et TEC</td>
<td style="width: 16.6667%; background-color: #81ecec; border-style: solid;">Outils de Gestion</td>
</tr>
</tbody>
</table>
<p style="text-align: justify;"><strong><em>Semestre II</em></strong></p>
<table style="width: 100%; border-collapse: collapse; border-style: solid;">
<tbody>
<tr>
<td style="width: 16.6667%; background-color: #55efc4; border-style: solid;"><em><strong>Module 7</strong></em></td>
<td style="width: 16.6667%; background-color: #55efc4; border-style: solid;"><em><strong>Module 8</strong></em></td>
<td style="width: 16.6667%; background-color: #55efc4; border-style: solid;"><em><strong>Module 9</strong></em></td>
<td style="width: 16.6667%; background-color: #55efc4; border-style: solid;"><em><strong>Module 10</strong></em></td>
<td style="width: 16.6667%; background-color: #55efc4; border-style: solid;"><em><strong>Module 11</strong></em></td>
<td style="width: 16.6667%; background-color: #55efc4; border-style: solid;"><em><strong>Module 12</strong></em></td>
</tr>
<tr>
<td style="width: 16.6667%; background-color: #81ecec; border-style: solid;">Comptabilité analytique et analyse de l’exploitation</td>
<td style="width: 16.6667%; background-color: #81ecec; border-style: solid;">Management juridique II</td>
<td style="width: 16.6667%; background-color: #81ecec; border-style: solid;">Management commercial</td>
<td style="width: 16.6667%; background-color: #81ecec; border-style: solid;">Management des ressources Humaines II</td>
<td style="width: 16.6667%; background-color: #81ecec; border-style: solid;">Management financier I</td>
<td style="width: 16.6667%; background-color: #81ecec; border-style: solid;">Management industriel</td>
</tr>
</tbody>
</table>
<p style="text-align: justify;"><strong><em>Semestre III</em></strong></p>
<table style="width: 100%; border-collapse: collapse; border-style: solid;">
<tbody>
<tr>
<td style="width: 16.6667%; background-color: #55efc4; border-style: solid;"><em><strong>Module 13 </strong></em></td>
<td style="width: 16.6667%; background-color: #55efc4; border-style: solid;"><em><strong>Module 14</strong></em></td>
<td style="width: 16.6667%; background-color: #55efc4; border-style: solid;"><em><strong>Module 15</strong></em></td>
<td style="width: 16.6667%; background-color: #55efc4; border-style: solid;"><em><strong>Module 16</strong></em></td>
<td style="width: 16.6667%; background-color: #55efc4; border-style: solid;"><em><strong>Module 17</strong></em></td>
<td style="width: 16.6667%; background-color: #55efc4; border-style: solid;"><em><strong>Module 18</strong></em></td>
</tr>
<tr>
<td style="width: 16.6667%; background-color: #81ecec; border-style: solid;">Management financier II</td>
<td style="width: 16.6667%; background-color: #81ecec; border-style: solid;">Management des projets et initiation à la création des entreprises</td>
<td style="width: 16.6667%; background-color: #81ecec; border-style: solid;">Contrôle de gestion</td>
<td style="width: 16.6667%; background-color: #81ecec; border-style: solid;">Audit et contrôle interne</td>
<td style="width: 16.6667%; background-color: #81ecec; border-style: solid;">Management stratégique</td>
<td style="width: 16.6667%; background-color: #81ecec; border-style: solid;">Méthodologie de recherche en management et insertion professionnelle</td>
</tr>
</tbody>
</table>
<p style="text-align: justify;"><strong><em>Semestre IV</em></strong></p>
<p style="text-align: justify;"><strong>Stage de fin d’études</strong></p>
<p style="text-align: justify;"><em><strong><span style="color: #3366ff; font-size: 18pt;">Contact</span></strong></em></p>
<table class=" alignleft" style="width: 100%; border-collapse: collapse; border-color: #ffffff;">
<tbody>
<tr>
<td style="width: 9.47711%;"><img loading="lazy" decoding="async" src="http://www.ests.uca.ma/wp-content/uploads/2019/07/img_311846.png" alt="" width="50" height="50" /></td>
<td style="width: 90.5229%; text-align: left;"><strong>Responsable de la formation :</strong> <span style="color: #003366;">P<strong>r Khalil MOKHLIS</strong></span></td>
</tr>
<tr>
<td style="width: 9.47711%;" rowspan="2"><img loading="lazy" decoding="async" src="http://www.ests.uca.ma/wp-content/uploads/2019/07/img_346970.png" alt="" width="50" height="50" /></td>
<td style="width: 90.5229%; text-align: left;"><strong><span style="color: #003366;">06 70 09 97 01  <span style="color: #333333;">(Melle Naima  DOUMALI) Secrétariat de la formation</span></span></strong></td>
</tr>
<tr>
<td style="width: 90.5229%; text-align: left;"><strong><span style="color: #003366;">06 61 72 49 61  <span style="color: #333333;">(Pr Khalil MOKHLIS) Responsable de la formation</span><br />
</span></strong></td>
</tr>
<tr>
<td style="width: 9.47711%;"><img loading="lazy" decoding="async" src="http://www.ests.uca.ma/wp-content/uploads/2019/07/home-house-main-page-building-address-location-2-2684.png" alt="" width="50" height="50" /></td>
<td style="width: 90.5229%; text-align: left;"><strong>ECOLE SUPÉRIEURE DE TECHNOLOGIE, Route Dar Si Aïssa, BP 89, SAFI</strong></td>
</tr>
<tr>
<td style="width: 9.47711%;"><img loading="lazy" decoding="async" src="http://www.ests.uca.ma/wp-content/uploads/2019/07/58485698e0bb315b0f7675a8.png" alt="" width="50" height="50" /></td>
<td style="width: 90.5229%; text-align: left;"><strong><span style="color: #003366;"><a style="color: #003366;" href="mailto:nai_doum@yahoo.fr">nai_doum@yahoo.fr</a></span></strong> / <span style="color: #003366;"><strong>Kh_mokhlis@yahoo.</strong></span></td>
</tr>
</tbody>
</table>
<p>&nbsp;</p>

<p>MASTER D&rsquo;UNIVERSITÉ EN ADMINISTRATION DES ENTREPRISES Les inscriptions pour l’année universitaire  2024-2025 sont ouvertes Compétences visées Le Master en administration des entreprises prépare à des fonctions d’encadrement supérieures telles que : Directeurs d’entreprises Directeurs d’établissements publics Cadres et responsables des fonctions de l’entreprise : Gestion des ressources humaines, Production, Marketing, Approvisionnements, Finance, … . Chefs de</p>
