{"id":4557,"date":"2024-05-09T10:36:28","date_gmt":"2024-05-09T08:36:28","guid":{"rendered":"http:\/\/www.ests.uca.ma\/?page_id=4557"},"modified":"2025-10-27T10:21:49","modified_gmt":"2025-10-27T09:21:49","slug":"licence-duniversite-en-ingenierie-et-management-industriel-imi","status":"publish","type":"page","link":"https:\/\/www.ests.uca.ma\/?page_id=4557","title":{"rendered":"LICENCE D&rsquo;UNIVERSIT\u00c9 EN INGENIERIE ET MANAGEMENT INDUSTRIEL\u00a0 (IMI)"},"content":{"rendered":"<p style=\"text-align: center;\"><strong><span style=\"font-size: 24pt; color: #003366;\">LICENCE D&rsquo;UNIVERSIT\u00c9 EN INGENIERIE ET MANAGEMENT INDUSTRIEL\u00a0 \u00a0(IMI)<\/span><\/strong><\/p>\n<p style=\"text-align: center;\"><span style=\"font-size: 24pt; color: #008000; font-family: impact, sans-serif;\">Les inscriptions pour l\u2019ann\u00e9e universitaire\u00a0 2025-2026 sont toujours ouvertes<\/span><\/p>\n<p>&nbsp;<\/p>\n<p style=\"text-align: justify;\"><em><span style=\"color: #3366ff;\"><strong><span style=\"font-size: 18pt;\">Objectifs de la formation<\/span><\/strong><\/span><\/em><\/p>\n<p>La licence Ing\u00e9nierie et Management Industriel (IMI) r\u00e9pond \u00e0 un besoin des industriels marocains pour l\u2019am\u00e9lioration de leur comp\u00e9titivit\u00e9.<\/p>\n<p>C\u2019est une fili\u00e8re d\u2019avenir qui offre une formation sp\u00e9cifique, transversale et approfondie dans les domaines de la maintenance, de la production, de la qualit\u00e9 et de la s\u00e9curit\u00e9 des installations techniques et des \u00e9quipements sensibles.<\/p>\n<p>L\u2019objectif de cette licence professionnelle est de former des cadres, \u00e0 comp\u00e9tences multi-techniques, capables de prendre en charge les fonctions maintenance, production, qualit\u00e9 et s\u00e9curit\u00e9 dans les entreprises industrielles de secteurs vari\u00e9s.<\/p>\n<p>A l\u2019issue de cette formation, l\u2019\u00e9tudiant sera capable de\u00a0:<\/p>\n<ul>\n<li>Ma\u00eetriser les principes fondamentaux de la maintenance, de la production, de la qualit\u00e9 et de la s\u00e9curit\u00e9 industrielle.<\/li>\n<li>Manager la maintenance des syst\u00e8mes de production;<\/li>\n<li>R\u00e9partir, coordonner et suivre les actions entre les diff\u00e9rents acteurs internes et externes dans les domaines de la maintenance, de la qualit\u00e9 et de la s\u00e9curit\u00e9 industrielle;<\/li>\n<li>Faire appliquer et respecter les normes de la qualit\u00e9, de la s\u00e9curit\u00e9 et de l\u2019environnement.<\/li>\n<li>Identifier les opportunit\u00e9s d\u2019am\u00e9lioration dans les processus de maintenance, de la qualit\u00e9 et de la s\u00e9curit\u00e9, et proposer des solutions innovantes\u00a0;<\/li>\n<\/ul>\n<p>\u00c9galement cet enseignement vise \u00e0 faire acqu\u00e9rir aux \u00e9tudiants des m\u00e9thodes de travail et de raisonnement autant que des connaissances, des principes de mise en \u0153uvre et des processus.<\/p>\n<p style=\"text-align: justify;\"><span style=\"color: #3366ff;\"><em><span style=\"font-size: 18pt;\"><strong>Public cible<\/strong><\/span><\/em><\/span><\/p>\n<p>Cette formation est destin\u00e9e aux :<\/p>\n<ul>\n<li>Titulaires d\u2019un dipl\u00f4me de Bac+2 du secteur public ou Priv\u00e9 (ISTA, BTS, DUT, &#8230;) dans les sp\u00e9cialit\u00e9s li\u00e9es \u00e0 la licence ou un dipl\u00f4me \u00e9quivalent.;<\/li>\n<li>Dipl\u00f4m\u00e9s fonctionnaires ou salari\u00e9s d\u00e9sireux de se remettre \u00e0 niveau et d\u2019am\u00e9liorer leurs comp\u00e9tences ;<\/li>\n<li>Chercheurs d\u2019emplois dont la formation initiale ne leur permet pas d\u2019acc\u00e9der au march\u00e9 d\u2019emploi ;<\/li>\n<\/ul>\n<p style=\"text-align: justify;\"><strong><span style=\"color: #3366ff;\"><em><span style=\"font-size: 18pt;\">Modalit\u00e9s<\/span><\/em><\/span><\/strong><\/p>\n<ul style=\"list-style-type: circle;\">\n<li>Frais de dossier (non remboursables) : <span style=\"color: #3366ff;\"><strong>250,00<\/strong><\/span> dirhams<\/li>\n<li>Frais de formation : <strong><span style=\"color: #3366ff;\">24.000,00<\/span> <\/strong>dirhams<\/li>\n<li>Modalit\u00e9s de paiement : Apr\u00e8s acceptation du dossier, <strong><span style=\"color: #3366ff;\">50%<\/span><\/strong> au d\u00e9but du 1er Semestre et <strong><span style=\"color: #3366ff;\">50%<\/span><\/strong> au d\u00e9but du 2\u00e8me Semestre.<\/li>\n<li>Lieu de formation : Ecole Sup\u00e9rieure de Technologie \u2013 Safi<\/li>\n<li>Dipl\u00f4me d\u00e9livr\u00e9 : Licence Professionnelle d\u2019Universit\u00e9<\/li>\n<li>D\u00e9roulement de la formation : <strong><span style=\"color: #3366ff;\">12 mois<\/span><\/strong><\/li>\n<li>S\u00e9lection : Etude de dossier + Entretien<\/li>\n<li>Evaluation : Devoir surveill\u00e9, travaux pratiques, compte rendu des projets.<\/li>\n<\/ul>\n<p style=\"text-align: justify;\"><strong><span style=\"color: #3366ff;\"><em><span style=\"font-size: 18pt;\">El\u00e9ments sur la proc\u00e9dure d&rsquo;inscription<\/span><\/em><\/span><\/strong><\/p>\n<ul style=\"list-style-type: circle;\">\n<li><strong>\u00c9tape 1<\/strong>: Pr\u00e9inscription en ligne (cette \u00e9tape n\u2019est pas obligatoire mais elle est tr\u00e8s utile)Utiliser le lien suivant pour la pr\u00e9inscription : <span style=\"font-size: 14pt;\"><strong><a href=\"https:\/\/docs.google.com\/forms\/d\/e\/1FAIpQLSePvq8XljUqcwTYRYRc6V9uxO24xSIeA0V_nIXSXHubcP5P9w\/viewform\">Cliquer ici<\/a><\/strong><\/span><\/li>\n<li><strong>\u00c9tape 2<\/strong>: Inscription au secr\u00e9tariat de la formation, en ramenant les pi\u00e8ces suivantes (Pri\u00e8re de bien vouloir contacter les responsables avant de venir \u00e0 l\u2019EST pour l\u2019inscription)<\/li>\n<li>deux copies l\u00e9galis\u00e9es du Baccalaur\u00e9at<\/li>\n<li>deux copies l\u00e9galis\u00e9es du bac+2 ou plus<\/li>\n<li>deux copies l\u00e9galis\u00e9es de la CIN<\/li>\n<li>deux photos d\u2019identit\u00e9<\/li>\n<li><strong>\u00c9tape 3<\/strong>: S\u00e9lection des candidats<\/li>\n<li><strong>\u00c9tape 4<\/strong>: Inscription d\u00e9finitive et payement d\u2019une partie des frais d\u2019inscription<\/li>\n<\/ul>\n<p style=\"text-align: justify;\"><span style=\"color: #3366ff;\"><em><strong><span style=\"font-size: 18pt;\">Programme<\/span><\/strong><\/em><\/span><\/p>\n<p style=\"text-align: justify;\">Le programme de la formation comprend des enseignements th\u00e9oriques et pratiques, des S\u00e9minaires de sp\u00e9cialistes universitaires et professionnels et un stage professionnel<em>.<\/em><\/p>\n<p style=\"text-align: justify;\"><span style=\"color: #00ccff; font-size: 14pt;\"><strong><em>Contenu p\u00e9dagogique<\/em><\/strong><em>\u00a0<\/em><\/span><\/p>\n<p style=\"text-align: justify;\"><strong><em><u>Semestre <\/u><\/em><\/strong><strong><em>I<\/em><\/strong><\/p>\n<table style=\"width: 100%; border-collapse: collapse; border-style: solid;\">\n<tbody>\n<tr>\n<td style=\"width: 16.6667%; background-color: #55efc4; border-style: solid;\"><em><strong>Module<\/strong><strong> 1\u00a0<\/strong><\/em><\/td>\n<td style=\"width: 16.6667%; background-color: #55efc4; border-style: solid;\"><em><strong>Module 2<\/strong><\/em><\/td>\n<td style=\"width: 16.6667%; background-color: #55efc4; border-style: solid;\"><em><strong>Module 3<\/strong><\/em><\/td>\n<td style=\"width: 16.6667%; background-color: #55efc4; border-style: solid;\"><em><strong>Module 4<\/strong><\/em><\/td>\n<td style=\"width: 16.6667%; background-color: #55efc4; border-style: solid;\"><em><strong>Module 5<\/strong><\/em><\/td>\n<td style=\"width: 16.6667%; background-color: #55efc4; border-style: solid;\"><em><strong>Module 6<\/strong><\/em><\/td>\n<\/tr>\n<tr>\n<td style=\"width: 16.6667%; background-color: #81ecec; border-style: solid;\">Strat\u00e9gie et Gestion de la Maintenance<\/td>\n<td style=\"width: 16.6667%; background-color: #81ecec; border-style: solid;\">Outils de la Qualit\u00e9 et M\u00e9thodologie de R\u00e9solution de Probl\u00e8mes<\/td>\n<td style=\"width: 16.6667%; background-color: #81ecec; border-style: solid;\">Gestion de la Production<\/td>\n<td style=\"width: 16.6667%; background-color: #81ecec; border-style: solid;\">Soft-Skills et Outil informatique<\/td>\n<td style=\"width: 16.6667%; background-color: #81ecec; border-style: solid;\">Sant\u00e9 et S\u00e9curit\u00e9 au Travail<\/td>\n<td style=\"width: 16.6667%; background-color: #81ecec; border-style: solid;\">Techniques de la Maintenance Conditionnelle et Pr\u00e9visionnelle<\/td>\n<\/tr>\n<\/tbody>\n<\/table>\n<p style=\"text-align: justify;\"><strong><em>Semestre II<\/em><\/strong><\/p>\n<table style=\"width: 100%; border-collapse: collapse; border-style: solid;\">\n<tbody>\n<tr>\n<td style=\"width: 16.6667%; background-color: #55efc4; border-style: solid;\"><em><strong>Module 7<\/strong><\/em><\/td>\n<td style=\"width: 16.6667%; background-color: #55efc4; border-style: solid;\"><em><strong>Module 8<\/strong><\/em><\/td>\n<td style=\"width: 16.6667%; background-color: #55efc4; border-style: solid;\"><em><strong>Module 9<\/strong><\/em><\/td>\n<td style=\"width: 16.6667%; background-color: #55efc4; border-style: solid;\"><em><strong>Module 10<\/strong><\/em><\/td>\n<td style=\"width: 16.6667%; background-color: #55efc4; border-style: solid;\"><em><strong>Module 11<\/strong><\/em><\/td>\n<td style=\"width: 16.6667%; background-color: #55efc4; border-style: solid;\"><em><strong>Module 12<\/strong><\/em><\/td>\n<\/tr>\n<tr>\n<td style=\"width: 16.6667%; background-color: #81ecec; border-style: solid;\">Lean Six Sigma<\/td>\n<td style=\"width: 16.6667%; background-color: #81ecec; border-style: solid;\">Gestion de projets et du risque<\/td>\n<td style=\"width: 16.6667%; background-color: #81ecec; border-style: solid;\">Syst\u00e8mes de Management Int\u00e9gr\u00e9s<\/td>\n<td style=\"width: 16.6667%; background-color: #81ecec; border-style: solid;\">Stage en entreprise<\/td>\n<td style=\"width: 16.6667%; background-color: #81ecec; border-style: solid;\">Stage en entreprise<\/td>\n<td style=\"width: 16.6667%; background-color: #81ecec; border-style: solid;\">Stage en entreprise<\/td>\n<\/tr>\n<\/tbody>\n<\/table>\n<p style=\"text-align: justify;\"><em><strong><span style=\"color: #3366ff; font-size: 18pt;\">Contact<\/span><\/strong><\/em><\/p>\n<table class=\" alignleft\" style=\"width: 100%; border-collapse: collapse; border-color: #ffffff;\">\n<tbody>\n<tr>\n<td style=\"width: 9.47711%;\"><img loading=\"lazy\" decoding=\"async\" src=\"http:\/\/www.ests.uca.ma\/wp-content\/uploads\/2019\/07\/img_311846.png\" alt=\"\" width=\"50\" height=\"50\" \/><\/td>\n<td style=\"width: 90.5229%; text-align: left;\"><strong>Responsables de la formation : <\/strong>Pr. Said Elfezazi &amp; Pr. Anass Cherrafi<\/td>\n<\/tr>\n<tr>\n<td style=\"width: 9.47711%;\" rowspan=\"2\"><img loading=\"lazy\" decoding=\"async\" src=\"http:\/\/www.ests.uca.ma\/wp-content\/uploads\/2019\/07\/img_346970.png\" alt=\"\" width=\"50\" height=\"50\" \/><\/td>\n<td style=\"width: 90.5229%; text-align: left;\">Pr. Said Elfezazi\u00a0 \u00a0 \u00a0: <span style=\"font-size: 12pt; font-family: tahoma, arial, helvetica, sans-serif;\">+212668853561<\/span><\/td>\n<\/tr>\n<tr>\n<td style=\"width: 90.5229%; text-align: left;\">Pr. Anass Cherrafi : <span style=\"font-family: tahoma, arial, helvetica, sans-serif; font-size: 12pt;\">+212659340944<\/span><\/td>\n<\/tr>\n<tr>\n<td style=\"width: 9.47711%;\"><img loading=\"lazy\" decoding=\"async\" src=\"http:\/\/www.ests.uca.ma\/wp-content\/uploads\/2019\/07\/home-house-main-page-building-address-location-2-2684.png\" alt=\"\" width=\"50\" height=\"50\" \/><\/td>\n<td style=\"width: 90.5229%; text-align: left;\"><strong>ECOLE SUP\u00c9RIEURE DE TECHNOLOGIE, Route Dar Si A\u00efssa, BP 89, SAFI<\/strong><\/td>\n<\/tr>\n<tr>\n<td style=\"width: 9.47711%;\"><img loading=\"lazy\" decoding=\"async\" src=\"http:\/\/www.ests.uca.ma\/wp-content\/uploads\/2019\/07\/58485698e0bb315b0f7675a8.png\" alt=\"\" width=\"50\" height=\"50\" \/><\/td>\n<td style=\"width: 90.5229%; text-align: left;\">selfezazi@gmail.com\u00a0 \u00a0 ||\u00a0 a.cherrafi@uca.ac.ma<\/td>\n<\/tr>\n<\/tbody>\n<\/table>\n<p>&nbsp;<\/p>\n","protected":false},"excerpt":{"rendered":"<p>LICENCE D&rsquo;UNIVERSIT\u00c9 EN INGENIERIE ET MANAGEMENT INDUSTRIEL\u00a0 \u00a0(IMI) Les inscriptions pour l\u2019ann\u00e9e universitaire\u00a0 2025-2026 sont toujours ouvertes &nbsp; Objectifs de la formation La licence Ing\u00e9nierie et Management Industriel (IMI) r\u00e9pond \u00e0 un besoin des industriels marocains pour l\u2019am\u00e9lioration de leur comp\u00e9titivit\u00e9. C\u2019est une fili\u00e8re d\u2019avenir qui offre une formation sp\u00e9cifique, transversale et approfondie dans les<\/p>\n","protected":false},"author":1,"featured_media":165,"parent":0,"menu_order":0,"comment_status":"closed","ping_status":"closed","template":"","meta":{"footnotes":""},"class_list":["post-4557","page","type-page","status-publish","has-post-thumbnail","hentry"],"_links":{"self":[{"href":"https:\/\/www.ests.uca.ma\/index.php?rest_route=\/wp\/v2\/pages\/4557","targetHints":{"allow":["GET"]}}],"collection":[{"href":"https:\/\/www.ests.uca.ma\/index.php?rest_route=\/wp\/v2\/pages"}],"about":[{"href":"https:\/\/www.ests.uca.ma\/index.php?rest_route=\/wp\/v2\/types\/page"}],"author":[{"embeddable":true,"href":"https:\/\/www.ests.uca.ma\/index.php?rest_route=\/wp\/v2\/users\/1"}],"replies":[{"embeddable":true,"href":"https:\/\/www.ests.uca.ma\/index.php?rest_route=%2Fwp%2Fv2%2Fcomments&post=4557"}],"version-history":[{"count":7,"href":"https:\/\/www.ests.uca.ma\/index.php?rest_route=\/wp\/v2\/pages\/4557\/revisions"}],"predecessor-version":[{"id":5763,"href":"https:\/\/www.ests.uca.ma\/index.php?rest_route=\/wp\/v2\/pages\/4557\/revisions\/5763"}],"wp:featuredmedia":[{"embeddable":true,"href":"https:\/\/www.ests.uca.ma\/index.php?rest_route=\/wp\/v2\/media\/165"}],"wp:attachment":[{"href":"https:\/\/www.ests.uca.ma\/index.php?rest_route=%2Fwp%2Fv2%2Fmedia&parent=4557"}],"curies":[{"name":"wp","href":"https:\/\/api.w.org\/{rel}","templated":true}]}}