{"id":14,"date":"2019-06-19T10:53:02","date_gmt":"2019-06-19T08:53:02","guid":{"rendered":"http:\/\/www.ests.uca.ma\/?page_id=14"},"modified":"2021-11-03T09:16:35","modified_gmt":"2021-11-03T08:16:35","slug":"direction","status":"publish","type":"page","link":"https:\/\/www.ests.uca.ma\/?page_id=14","title":{"rendered":"DIRECTION"},"content":{"rendered":"\r\n<p>&nbsp;<\/p>\r\n<table style=\"width: 100%; border-collapse: collapse; border-style: solid;\">\r\n<tbody>\r\n<tr>\r\n<td style=\"width: 24.7618%; border-style: solid; background-color: #52c3e3; text-align: left; vertical-align: middle;\"><img decoding=\"async\" src=\"http:\/\/www.ests.uca.ma\/wp-content\/uploads\/2021\/05\/AChekroun.png\" \/><\/td>\r\n<td style=\"width: 41.9048%; border-style: solid; background-color: #52c3e3; text-align: left; vertical-align: middle;\">\r\n<p><span style=\"font-family: impact, sans-serif; font-size: 18pt;\"><a href=\"http:\/\/www.ests.uca.ma\/?page_id=12\">M.Ahmed CHEKROUN<\/a> <\/span><\/p>\r\n<p><span style=\"color: #333333;\">DIRECTEUR DE <\/span><br \/><span style=\"color: #333333;\">L&rsquo;\u00c9COLE SUP\u00c9RIEURE DE TECHNOLOGIE\u00a0-SAFI<\/span><\/p>\r\n<\/td>\r\n<td style=\"width: 33.3333%; border-style: solid; background-color: #52c3e3; text-align: left; vertical-align: middle;\">\r\n<p><strong><img loading=\"lazy\" decoding=\"async\" src=\"http:\/\/www.ests.uca.ma\/wp-content\/uploads\/2019\/07\/58485698e0bb315b0f7675a8.png\" alt=\"\" width=\"60\" height=\"60\" \/><\/strong><\/p>\r\n<p><span style=\"font-size: 12pt;\">a.chekroun@uca.ma\u00a0<\/span><\/p>\r\n<\/td>\r\n<\/tr>\r\n<tr>\r\n<td style=\"width: 24.7618%; border-style: solid; background-color: #52c3e3; text-align: left; vertical-align: middle;\"><img decoding=\"async\" src=\"http:\/\/www.ests.uca.ma\/wp-content\/uploads\/2021\/05\/MKhayar.png\" \/><\/td>\r\n<td style=\"width: 41.9048%; border-style: solid; background-color: #52c3e3; text-align: left; vertical-align: middle;\">\r\n<p><span style=\"font-family: impact, sans-serif; font-size: 18pt; color: #000000;\">M.Mohammed KHAYAR<\/span><\/p>\r\n<p><span style=\"color: #333333;\">DIRECTEUR ADJOINT\u00a0 CHARG\u00c9 DES AFFAIRES P\u00c9DAGOGIQUES <br \/><\/span><\/p>\r\n<\/td>\r\n<td style=\"width: 33.3333%; border-style: solid; background-color: #52c3e3; text-align: left; vertical-align: middle;\">\r\n<p><strong><img loading=\"lazy\" decoding=\"async\" src=\"http:\/\/www.ests.uca.ma\/wp-content\/uploads\/2019\/07\/58485698e0bb315b0f7675a8.png\" alt=\"\" width=\"60\" height=\"60\" \/><\/strong><\/p>\r\n<p>adjoint.ests@uca.ma<\/p>\r\n<\/td>\r\n<\/tr>\r\n<tr>\r\n<td style=\"width: 24.7618%; border-style: solid; background-color: #52c3e3; text-align: left; vertical-align: middle;\"><img loading=\"lazy\" decoding=\"async\" src=\"http:\/\/www.ests.uca.ma\/wp-content\/uploads\/2021\/11\/MmeMounir.png\" alt=\"\" width=\"168\" height=\"208\" \/><\/td>\r\n<td style=\"width: 41.9048%; border-style: solid; background-color: #52c3e3; text-align: left; vertical-align: middle;\">\r\n<p><span style=\"font-family: impact, sans-serif; color: #000000;\"><span style=\"font-size: 18pt;\">Mme.Badia MOUNIR<\/span> <\/span><\/p>\r\n<p><span style=\"color: #333333;\">DIRECTRICE ADJOINTE <\/span><span style=\"color: #333333;\">CHARG\u00c9E DE LA RECHERCHE SCIENTIFIQUE ET DE LA COOP\u00c9RATION\u00a0 <br \/><\/span><\/p>\r\n<\/td>\r\n<td style=\"width: 33.3333%; border-style: solid; background-color: #52c3e3; text-align: left; vertical-align: middle;\">\r\n<p><strong><img loading=\"lazy\" decoding=\"async\" src=\"http:\/\/www.ests.uca.ma\/wp-content\/uploads\/2019\/07\/58485698e0bb315b0f7675a8.png\" alt=\"\" width=\"60\" height=\"60\" \/><\/strong><\/p>\r\n<p><strong>E-mail<\/strong>:<\/p>\r\n<\/td>\r\n<\/tr>\r\n<tr>\r\n<td style=\"width: 24.7618%; border-style: solid; background-color: #52c3e3; text-align: left; vertical-align: middle;\"><img loading=\"lazy\" decoding=\"async\" src=\"http:\/\/www.ests.uca.ma\/wp-content\/uploads\/2021\/11\/MmeNaouis.png\" alt=\"\" width=\"168\" height=\"208\" \/><\/td>\r\n<td style=\"width: 41.9048%; border-style: solid; background-color: #52c3e3; text-align: left; vertical-align: middle;\">\r\n<p><span style=\"font-family: impact, sans-serif; color: #000000;\"><span style=\"font-size: 18pt;\">Mme.Houda NAOUIS<\/span> <\/span><\/p>\r\n<p><span style=\"color: #333333;\">SECR\u00c9TAIRE G\u00c9N\u00c9RALE DE <\/span><br \/><span style=\"color: #333333;\">L&rsquo;\u00c9COLE SUP\u00c9RIEURE DE TECHNOLOGIE\u00a0-SAFI<\/span><\/p>\r\n<\/td>\r\n<td style=\"width: 33.3333%; border-style: solid; background-color: #52c3e3; text-align: left; vertical-align: middle;\">\r\n<p><strong><img loading=\"lazy\" decoding=\"async\" src=\"http:\/\/www.ests.uca.ma\/wp-content\/uploads\/2019\/07\/58485698e0bb315b0f7675a8.png\" alt=\"\" width=\"60\" height=\"60\" \/><\/strong><\/p>\r\n<p>sg.ests@uca.ma\u00a0<\/p>\r\n<\/td>\r\n<\/tr>\r\n<\/tbody>\r\n<\/table>\r\n","protected":false},"excerpt":{"rendered":"<p>&nbsp; M.Ahmed CHEKROUN DIRECTEUR DE L&rsquo;\u00c9COLE SUP\u00c9RIEURE DE TECHNOLOGIE\u00a0-SAFI a.chekroun@uca.ma\u00a0 M.Mohammed KHAYAR DIRECTEUR ADJOINT\u00a0 CHARG\u00c9 DES AFFAIRES P\u00c9DAGOGIQUES adjoint.ests@uca.ma Mme.Badia MOUNIR DIRECTRICE ADJOINTE CHARG\u00c9E DE LA RECHERCHE SCIENTIFIQUE ET DE LA COOP\u00c9RATION\u00a0 E-mail: Mme.Houda NAOUIS SECR\u00c9TAIRE G\u00c9N\u00c9RALE DE L&rsquo;\u00c9COLE SUP\u00c9RIEURE DE TECHNOLOGIE\u00a0-SAFI sg.ests@uca.ma\u00a0<\/p>\n","protected":false},"author":1,"featured_media":280,"parent":0,"menu_order":0,"comment_status":"closed","ping_status":"closed","template":"","meta":{"footnotes":""},"class_list":["post-14","page","type-page","status-publish","has-post-thumbnail","hentry"],"_links":{"self":[{"href":"https:\/\/www.ests.uca.ma\/index.php?rest_route=\/wp\/v2\/pages\/14","targetHints":{"allow":["GET"]}}],"collection":[{"href":"https:\/\/www.ests.uca.ma\/index.php?rest_route=\/wp\/v2\/pages"}],"about":[{"href":"https:\/\/www.ests.uca.ma\/index.php?rest_route=\/wp\/v2\/types\/page"}],"author":[{"embeddable":true,"href":"https:\/\/www.ests.uca.ma\/index.php?rest_route=\/wp\/v2\/users\/1"}],"replies":[{"embeddable":true,"href":"https:\/\/www.ests.uca.ma\/index.php?rest_route=%2Fwp%2Fv2%2Fcomments&post=14"}],"version-history":[{"count":49,"href":"https:\/\/www.ests.uca.ma\/index.php?rest_route=\/wp\/v2\/pages\/14\/revisions"}],"predecessor-version":[{"id":2792,"href":"https:\/\/www.ests.uca.ma\/index.php?rest_route=\/wp\/v2\/pages\/14\/revisions\/2792"}],"wp:featuredmedia":[{"embeddable":true,"href":"https:\/\/www.ests.uca.ma\/index.php?rest_route=\/wp\/v2\/media\/280"}],"wp:attachment":[{"href":"https:\/\/www.ests.uca.ma\/index.php?rest_route=%2Fwp%2Fv2%2Fmedia&parent=14"}],"curies":[{"name":"wp","href":"https:\/\/api.w.org\/{rel}","templated":true}]}}