{"id":12,"date":"2019-06-19T10:52:27","date_gmt":"2019-06-19T08:52:27","guid":{"rendered":"http:\/\/www.ests.uca.ma\/?page_id=12"},"modified":"2021-06-24T17:12:07","modified_gmt":"2021-06-24T15:12:07","slug":"mot-du-directeur","status":"publish","type":"page","link":"https:\/\/www.ests.uca.ma\/?page_id=12","title":{"rendered":"MOT DU DIRECTEUR"},"content":{"rendered":"\r\n<p>&nbsp;<\/p>\r\n<p style=\"text-align: justify;\"><span style=\"font-family: arial, helvetica, sans-serif;\"><img loading=\"lazy\" decoding=\"async\" class=\"alignleft\" src=\"http:\/\/www.ests.uca.ma\/wp-content\/uploads\/2021\/05\/AChekroun.png\" alt=\"\" width=\"177\" height=\"219\" \/>L&rsquo;EST-Safi est le premier noyau universitaire cr\u00e9\u00e9 dans la ville de Safi (septembre 1992). C&rsquo;est l\u2019un des \u00e9tablissements phares de la formation technologique et professionnelle de l&rsquo;universit\u00e9 Cadi Ayyad.<\/span><\/p>\r\n<p style=\"text-align: justify;\"><span style=\"font-family: arial, helvetica, sans-serif;\">La mission principale de l\u2019EST- Safi est la formation de techniciens sup\u00e9rieurs polyvalents et hautement qualifi\u00e9s dans les domaines industriels et tertiaires. A partir de l&rsquo;ann\u00e9e 2014-2015, l\u2019EST- Safi avait commenc\u00e9 \u00e0 livrer des Licences Professionnelles dont l&rsquo;acc\u00e8s est r\u00e9serv\u00e9 aux titulaires de DUT ou \u00e9quivalent ayant les pr\u00e9-requis n\u00e9cessaires.<\/span><\/p>\r\n<p style=\"text-align: justify;\"><span style=\"font-family: arial, helvetica, sans-serif;\">Avec les potentialit\u00e9s et les richesses dont dispose la r\u00e9gion de Marrakech &#8211; Tensift et connaissant ses besoins, les comp\u00e9tences humaines et les moyens mat\u00e9riels dont dispose l\u2019Universit\u00e9 Cadi Ayyad, l\u2019EST-SAFI peut jouer un r\u00f4le tr\u00e8s important dans le rayonnement de l\u2019Universit\u00e9 et le d\u00e9veloppement de la r\u00e9gion. L\u2019ultime but de la direction de l\u2019EST-SAFI est de contribuer \u00e0 son d\u00e9veloppement en \u0153uvrant main dans la main avec ses composantes\u00a0: Enseignants &#8211; chercheurs, personnel administratif et \u00e9tudiants pour hisser cet \u00e9tablissement au rang des meilleures \u00e0 l\u2019\u00e9chelle nationale et internationale. L\u2019objectif \u00e9tant de parvenir \u00e0 un enseignement de qualit\u00e9 et \u00e0 une recherche de pointe que nous mettrons volontiers au service de notre soci\u00e9t\u00e9.<\/span><\/p>\r\n\r\n\r\n\r\n<p><span style=\"font-family: impact, sans-serif; font-size: 18pt; color: #333333;\">Ahmed CHEKROUN<\/span><\/p>\r\n<p><span style=\"font-family: impact, sans-serif; font-size: 18pt; color: #333333;\">\r\n\r\n<\/span><\/p>\r\n<p><span style=\"font-family: impact, sans-serif; font-size: 18pt; color: #333333;\">Le Directeur de l&rsquo;EST Safi<\/span><\/p>\r\n","protected":false},"excerpt":{"rendered":"<p>&nbsp; L&rsquo;EST-Safi est le premier noyau universitaire cr\u00e9\u00e9 dans la ville de Safi (septembre 1992). C&rsquo;est l\u2019un des \u00e9tablissements phares de la formation technologique et professionnelle de l&rsquo;universit\u00e9 Cadi Ayyad. La mission principale de l\u2019EST- Safi est la formation de techniciens sup\u00e9rieurs polyvalents et hautement qualifi\u00e9s dans les domaines industriels et tertiaires. A partir de<\/p>\n","protected":false},"author":1,"featured_media":0,"parent":0,"menu_order":0,"comment_status":"closed","ping_status":"closed","template":"","meta":{"footnotes":""},"class_list":["post-12","page","type-page","status-publish","hentry"],"_links":{"self":[{"href":"https:\/\/www.ests.uca.ma\/index.php?rest_route=\/wp\/v2\/pages\/12","targetHints":{"allow":["GET"]}}],"collection":[{"href":"https:\/\/www.ests.uca.ma\/index.php?rest_route=\/wp\/v2\/pages"}],"about":[{"href":"https:\/\/www.ests.uca.ma\/index.php?rest_route=\/wp\/v2\/types\/page"}],"author":[{"embeddable":true,"href":"https:\/\/www.ests.uca.ma\/index.php?rest_route=\/wp\/v2\/users\/1"}],"replies":[{"embeddable":true,"href":"https:\/\/www.ests.uca.ma\/index.php?rest_route=%2Fwp%2Fv2%2Fcomments&post=12"}],"version-history":[{"count":10,"href":"https:\/\/www.ests.uca.ma\/index.php?rest_route=\/wp\/v2\/pages\/12\/revisions"}],"predecessor-version":[{"id":2425,"href":"https:\/\/www.ests.uca.ma\/index.php?rest_route=\/wp\/v2\/pages\/12\/revisions\/2425"}],"wp:attachment":[{"href":"https:\/\/www.ests.uca.ma\/index.php?rest_route=%2Fwp%2Fv2%2Fmedia&parent=12"}],"curies":[{"name":"wp","href":"https:\/\/api.w.org\/{rel}","templated":true}]}}